7 - (3 - -9)) + -1?
-6
Evaluate 11 + -1 + -8 + 1.
3
2 + -5 + 6 - (1 - 3)
5
Evaluate -1 - (2 - (3 - 2 - -3)).
1
Evaluate 9 + -21 + 4 - -9.
1
Calculate 43 + -44 - (2 - 1).
-2
Evaluate 6 + 2 + 5 + -21.
-8
Calculate 0 - -2 - 7 - -11.
6
What is 6 + (1 + -8 - (-54 - -47))?
6
Calculate 1 - 1 - (7 - 5).
-2
Calculate (2 - (-7 - (3 - 12))) + 0.
0
What is the value of (2 + 1 - (4 + 0)) + 5?
4
What is the value of -3 + (-5 - -5) + -4 - -2?
-5
What is the value of 56 + -47 + (0 - 8)?
1
What is -5 - (-4 + 3) - 5?
-9
Evaluate 3 + -2 + -1 + (-10 - -6).
-4
What is the value of 9 + -12 + 7 + -3?
1
Evaluate (1 - -5) + -2 + 9 + -9.
4
Evaluate 0 - (1 - 4 - (15 + -17)).
1
Evaluate -2 - -2 - (0 + (11 - 8)).
-3
Calculate 8 + -2 + 3 + -6.
3
What is the value of (2 + 5 + -1 - 11) + -2?
-7
Calculate -2 + (3 - 0 - -1).
2
What is 1 - 7 - (6 - 10)?
-2
What is (-2 - (6 - 8)) + (-1 - 1)?
-2
What is -8 + 6 + 2 - (3 - 0)?
-3
0 + (-3 - 0) + 10 + -8
-1
(2 - -4 - (-9 - -12)) + -6
-3
Calculate 6 - (-1 + (4 - -1)).
2
-8 + 6 + 6 + -8
-4
What is the value of -27 + 31 + (2 - (2 + 4))?
0
What is -13 + 15 - (5 + -2)?
-1
-1 + 2 - (-22 - -31)
-8
What is -2 - 1 - (-3 + 4 + -2)?
-2
-4 - ((-7 - -6) + 0 + 0)
-3
What is the value of -6 - (-6 + (1 - -2))?
-3
Evaluate 2 + -4 + 2 + -1 + 0.
-1
What is 0 + -1 + (-3 - (11 - 10))?
-5
What is 25 + -21 + -15 + 3?
-8
2 - (-3 + (1 - -9))
-5
2 + 0 + -2 + -1 + 0
-1
What is the value of -3 - -2 - 5 - (-8 - -3)?
-1
5 + -4 + 2 + -1
2
Evaluate -1 - (3 - 11) - 3.
4
Calculate -7 - (1 - 4 - 10).
6
-2 + 4 + (-6 - -5)
1
(1 - 7) + 5 - 2 - -6
3
(-3 - -2) + 5 + 1 + -10
-5
Evaluate -2 + (-1 + -2 - (0 - 0)).
-5
What is -3 - -3 - (-3 - -5)?
-2
What is the value of -6 + (2 - (1 + (-4 - -2)))?
-3
What is (-3 - -2) + (-3 - (2 - 3))?
-3
What is the value of -6 + 1 - (-39 + 30)?
4
2 + -9 + 4 + -1 + -1
-5
What is the value of -3 + -3 - (-5 + (11 - 7))?
-5
What is the value of -3 + 2 + 1 - (2 + -5)?
3
What is 2 + -13 + -1 + (-59 - -66)?
-5
2 + 1 + 3 + -2
4
1 - (1 - (-1 - 3))
-4
What is -9 - 0 - (-14 + 0)?
5
What is the value of -143 + 147 - (-2 + 10 + 2)?
-6
-3 + (0 - (-6 - -8)) - 1
-6
What is the value of 9 - 1 - 7 - -2?
3
What is the value of 7 - (2 + 5 - 5)?
5
-5 - -2 - (-8 - 1) - 5
1
Evaluate 5 - (13 - (6 + 9)).
7
Calculate 4 + 7 + (-4 - 6) + 3.
4
8 - (12 + (6 - 13))
3
Evaluate 0 + (4 - 0) + 0 + -3.
1
What is -1 + (1 - (1 - 2 - -3))?
-2
Evaluate 1 + -1 + (-5 - (-5 + -5)).
5
What is the value of (8 - 18) + 12 + -1?
1
What is 1 - 1 - (-11 - 2 - -11)?
2
Calculate (2 - 5) + -12 + 4.
-11
Evaluate -26 - -19 - (-8 + 1).
0
Evaluate 4 + 0 - (2 + -1) - 2.
1
Calculate -1 + (3 - 6) - (-83 - -79).
0
What is 0 + (-19 + 1 - -13)?
-5
What is 1 + (2 - 0) - (-5 + 5)?
3
Evaluate 10 + -13 + (6 - -2).
5
Calculate (21 - 13) + -8 - (-1 - -3).
-2
Evaluate -89 + 80 + 0 + 3.
-6
Evaluate 0 - 7 - -9 - 0.
2
(-10 + (7 - 6) - -5) + -2
-6
What is the value of -3 + 3 - (-3 - (-7 - -5))?
1
(2 - -5 - 7) + -3
-3
Calculate (11 - (23 + -5)) + 10.
3
What is (-1 - (-8 - -1) - 3) + 1?
4
(28 - 2) + -14 + -14
-2
What is the value of -2 + (-5 + 11 - 6)?
-2
Calculate (0 - (17 - 13)) + (-3 - 0).
-7
10 + 3 - (5 - -4)
4
What is the value of 1 + 3 + -1 + (4 - 11)?
-4
What is (1 - (-5 - (-9 + -1))) + 4?
0
Evaluate 5 - (-8 + 6 + 5).
2
Evaluate -2 + (1 - 0) + (-22 - -18).
-5
-3 - ((-12 - -9) + 6)
-6
Evaluate (-7 - (2 + -10)) + -2.
-1
-3 - -2 - (6 + -8)
1
Calculate -2 + -1 + -3 - (-9 + 4).
-1
What is 5 - (-1 + 3) - 2 - -4?
5
What is the value of (11 - (14 - 4)) + -5?
-4
Calculate 1 - ((-26 - -31) + -10 + 0).
6
-11 - (-19 - (3 + -8))
3
Evaluate 9 + -8 + 7 - 1.
7
Evaluate (3 - 1) + (-9 - -6).
-1
Calculate 1 - (0 - -4) - (65 - 67).
-1
What is the value of 9 + -11 + 0 - (0 + -5)?
3
Evaluate -2 - (18 + -22 - (-5 + -2)).
-5
-3 + (-1 - (-1 + 2 + -2))
-3
Calculate (1 - 0) + -3 + 5 - 1.
2
Calculate 12 - 11 - ((2 - 4) + 4).
-1
1 + -7 + 4 - -4
2
Calculate (-10 + -14 - -22) + (8 - -1).
7
Calculate 4 + (-6 - (-1 + 1)) + 5.
3
What is the value of (1 - -2 - (-27 - -30)) + 0?
0
Calculate 2 + (-6 - 1 - -2).
-3
What is 1 - (8 + (-4 - 2))?
-1
Evaluate -1 + (-6 - -9) - -2 - 0.
4
(-1 - -1 - -4) + -3 + -3
-2
What is the value of 2 - ((5 - -1) + -3)?
-1
Evaluate -6 + 3 + 11 - 11.
-3
Calculate 0 - ((3 - 4) + 1) - 5.
-5
What is 0 - 4 - (-2 - (-4 - -4))?
-2
-3 + -3 + 4 + 4
2
What is the value of -7 + 8 + 9 + -4?
6
What is -8 + 8 + 0 + 0?
0
Calculate (6 - 0) + (0 - 7).
-1
What is the value of -7 + 0 - (-78 + 77)?
-6
3 + (-6 - (-7 - (4 - 1)))
7
What is -1 + -2 - (-1 - (10 + -10))?
-2
What is the value of 1 - (-1 + (1 - 4 - -8))?
-3
Calculate (-2 - 6) + 113 + -97.
8
(-1 - 1) + -4 + 7 + -2
-1
-8 + 2 + (6 - 1)
-1
What is the value of -4 - (5 - 7) - -4?
2
Evaluate -13 + (6 - 0) + 1 - -11.
5
What is the value of (3 - (2 - (5 + -3))) + -7?
-4
-4 - (-4 + -3) - 3
0
What is 3 - (-4 - -14) - (-4 - -3)?
-6
What is the value of 0 - (9 - 4 - 12)?
7
What is 8 + -1 - (-8 + -2 - -24)?
-7
What is the value of -1 + 0 + 0 + 168 + -171?
-4
3 + (2 - 0 - 4 - -3)
4
What is 0 + 1 + (-14 - -12)?
-1
1 - ((-4 - 2) + 9) - -4
2
(3 - (-3 - (-5 + 2))) + -2
1
Calculate 0 + (0 - 6 - (4 - 7)).
-3
5 + -12 + (0 - (1 + -6))
-2
Evaluate -1 - (-6 + 11 + 0) - 1.
-7
Calculate (1 - 2) + 1 - (5 + -4).
-1
Calculate -4 - ((-1 - 0) + (5 - 3)).
-5
What is (-3 - (7 + -8)) + 0 + -3?
-5
Calculate (2 - 8) + (-2 - -3).
-5
What is the value of 3 + -14 + 7 + 6?
2
Calculate -29 + 27 - ((3 - 5) + 1).
-1
What is 2 + (-7 + 0 - (-22 + 20))?
-3
Calculate -8 + (12 - -6) - 7.
3
What is -8 - -2 - (-17 - (-8 + 1))?
4
Calculate 6 - 2 - 8 - (-1 - 5).
2
(6 - (7 + 3)) + -7
-11
-1 + -6 + (-8 - 0) + 9
-6
Calculate 3 - (10 - 8 - -7).
-6
Evaluate 5 - (1 + 0) - (-151 + 146).
9
What is the value of (-3 - -1 - 0) + (2 - -6)?
6
What is -1 + 1 + -10 + -17 + 24?
-3
Calculate 9 - (0 - -4 - -2).
3
Evaluate -1 + 4 + 7 + 3 + -8.
5
Calculate 7 + -8 - (-3 + 0) - 4.
-2
3 + (-3 - 4) + 7
3
What is the value of (-12 - -20 - (11 - -1)) + 6?
2
What is 6 + -3 + 1 - (7 + -1)?
-2
(-2 - -2) + 0 - (-4 - -1)
3
(-7 - 1) + 18 + (-20 - -5)
-5
-5 - (-12 - (-4 + -4 + 7))
6
Evaluate -13 + 8 + (-4 - (2 + -4)).
-7
Evaluate -4 + (-3 + 7 - -1).
1
What is 5 + (-4 - 0) - (-1 + 2)?
0
Evaluate -6 + 2 + 7 + -1.
2
Calculate (-1 - (-1 + -2)) + -4 - 1.
-3
What is the value of 0 - (2 - (0 + 0))?
-2
Evaluate 10 - (1 + -1 - -5).
5
What is the value of -8 + 9 - 10 - (-1 + 0)?
-8
What is -7 + 4 - (-2 - 1)?
0
What is the value of (-3 - -6) + 0 + -7?
-4
Evaluate 0 + ((2 - 0) + -5 - -5).
2
What is the value of -7 + 4 - (6 - 8) - -4?
3
Evaluate 2 - (-1 - -3 - (-7 - -3)).
-4
What is -2 - (-4 + (-8 - -3))?
7
What is 2 + 7 + -10 + 5?
4
Calculate -3 + -3 + -1 - (3 + -5).
-5
What is the value of -6 - (3 + -5 - (2 + 1))?
-1
What is (-7 - 1) + (-1 - -2)?
-7
What is the value of (-16 - (-35 - -20)) + 4 + -1?
2
Calculate 13 - ((15 - 18) + (12 - 1)).
5
What is the value of 3 + 2 - (-11 + 8)?
8
(1 - 0) + (4 - (1 + -1))
5
What is the value of 10 - (1 + -2 + (20 - 16))?
7
What is the value of -4 - -15 - 7 - 8?
-4
-5 + 6 - (0 - -2)
-1
-1 + 3 + -10 + 6
-2
Evaluate 5 + (-8 - (-6 + (7 - 2))).
-2
What is the value of 1 + -3 + (2 - -5)?
5
-1 - -3 - (-16 + 13)
5
6 + (-11 - (-5 + 4))
-4
What is 1 + (7 - 4) + 0?
4
What is the value of (-3 - (4 + -7 + 6)) + 2?
-4
What is -3 + 4 + 0 + -3?
-2
What is the value of (2 - (6 + -2)) + -1 + -2?
-5
1 + 4 - (0 + (-14 - -9))
10
Evaluate 4 + 0 + 0 + (0 - 2).
2
What is -10 - (7 + 4 + -17)?
-4
What is (4 - 2) + (1 - 8 - -1)?
-4
Calculate (0 - 1) + (7 - 15 - -5).
-4
Evaluate (0 - 0) + (7 + 5 - 4).
8
What is 3 - (4 + (-4 - -1))?
2
0 + (5 - (-1 - -2) - 3)
1
What is -2 + 2 + 4 + -3?
1
Evaluate 3 + -6 + -4 - (-38 + 35).
-4
(-3 - -1) + 5 + -2
1
Calculate (-17 - -19) + 1 + 0 + 1.
4
3 - (5 + -15 + 8)
5
Calculate -19 + 13 - (-5 + -1).
0
Evaluate -7 + 16 - (4 - -2).
3
18 + -11 - (8 - 0)
-1
313 - 297 - (0 + -2 + 9)
9
What is the value of 2 + (-3 - -2 - 3)?
-2
What is -2 - (-3 + 7 + -4 - 3)?
1
What is 1 + 1 + (3 - 1)?
4
Calculate 1 + 2 - 0 - 2.
1
What is -2 - 6 - -10 - (1 - 0)?
1
0 + 1 - (4 - 0)
-3
Calculate 8 + (0 - (3 + 1 + 0)).
4
Calculate -3 + (3 - 0 - 3).
-3
What is the value of -9 + 0 + (3 - -6)?
0
-7 - (-16 + (-9 - -17))
1
What is the value of -2 - (-4 + (2 - (-3 - -1)))?
-2
What is the value of 4 - ((3 - 1 - 4) + 2)?
4
What is 8 - (5 - -7) - 2?
-6
What is 14 